{"id":300,"date":"2025-10-02T00:49:59","date_gmt":"2025-10-02T00:49:59","guid":{"rendered":"https:\/\/fashionhome.com.py\/?page_id=300"},"modified":"2025-10-02T12:20:54","modified_gmt":"2025-10-02T12:20:54","slug":"terminosycondiciones1tb","status":"publish","type":"page","link":"https:\/\/fashionhome.com.py\/index.php\/terminosycondiciones1tb\/","title":{"rendered":"T\u00e9rminos y Condiciones de Fashion Home S.A. \u2013 Grupo Familiar"},"content":{"rendered":"\n<h2 class=\"wp-block-heading is-style-default\"><\/h2>\n\n\n\n<p style=\"text-transform:none;writing-mode:horizontal-tb\"><strong>1. Introducci\u00f3n<\/strong>: Bienvenido a Fashion Home S.A. Estos t\u00e9rminos y condiciones describen las reglas y regulaciones para el uso de nuestro sitio web y servicios en referencia al Servicios de Almacenamiento para el Grupo Familiar<\/p>\n\n\n\n<p><strong>2. Definiciones<\/strong>:<\/p>\n\n\n\n<ul class=\"wp-block-list\">\n<li class=\"has-medium-font-size\" style=\"text-transform:none\"><strong>&#8220;Empresa&#8221;<\/strong> se refiere a Fashion Home S.A.<\/li>\n\n\n\n<li class=\"has-medium-font-size\" style=\"text-transform:none\"><strong>&#8220;Cliente&#8221;<\/strong> se refiere a cualquier persona que utilice nuestros servicios.<\/li>\n\n\n\n<li class=\"has-medium-font-size\" style=\"text-transform:none\"><strong>&#8220;Servicios&#8221;<\/strong> se refiere a los productos y servicios ofrecidos por la Empresa.<\/li>\n\n\n\n<li class=\"has-medium-font-size\" style=\"text-transform:none\"><strong>\u201cProducto\u201d <\/strong><strong>se refiere al producto espec\u00edfico <\/strong>\u201cMicrosoft 365 Family\u201d de Microsoft Corporation<\/li>\n\n\n\n<li class=\"has-medium-font-size\" style=\"text-transform:none\"><strong>\u201cTerminos y condiciones definidos por el propietario del Producto\u201d, <\/strong><strong>se refiere a todo lo mencionado en <\/strong><a href=\"https:\/\/www.microsoft.com\/en-us\/servicesagreement\/\">Microsoft Services Agreement<\/a><\/li>\n<\/ul>\n\n\n\n<p style=\"text-transform:none\"><strong>3. Servicios Ofrecidos<\/strong>: Fashion Home S.A. ofrece al cliente la posibilidad de integrar un Plan Familiar de Suscripci\u00f3n del \u201cProducto\u201d. Con la compra del producto el cliente recibir\u00e1 una invitaci\u00f3n a trav\u00e9s de un correo electr\u00f3nico asignado por la Empresa que le servir\u00e1 para utilizar todas las aplicaciones incluidas para el miembro familiar seg\u00fan los <strong>t\u00e9rminos y condiciones definidos por el propietario del Producto<\/strong>.<\/p>\n\n\n\n<p class=\"has-medium-font-size\" style=\"text-transform:none\"><strong>4. Condiciones de Uso<\/strong>: Al utilizar nuestros servicios, el Cliente acepta cumplir con estos t\u00e9rminos y condiciones. La suscripci\u00f3n se mantendr\u00e1 vigente por el t\u00e9rmino de duraci\u00f3n de lo pagado por el Cliente. Est\u00e1 prohibida la compra de productos adicionales de Microsoft utilizando el correo electr\u00f3nico asignado. El correo electr\u00f3nico asignado por la empresa con la denominaci\u00f3n <a href=\"mailto:Cliente@fashionhome.com.py\">Cliente@fashionhome.com.py<\/a> podr\u00e1 env\u00edar y recibir correos con una capacidad l\u00edmitada a 512 MB por lo que el Cliente deber\u00e1 utilizarlo para uso exclusivo del \u201cProducto\u201d. El uso indebido de nuestros servicios puede resultar en la terminaci\u00f3n de la cuenta del Cliente.<\/p>\n\n\n\n<p style=\"text-transform:none\"><strong>5. Pol\u00edtica de Privacidad<\/strong>: Fashion Home S.A. se compromete a proteger la privacidad de nuestros clientes. Los datos personales recopilados se utilizar\u00e1n \u00fanicamente para procesar pedidos y mejorar nuestros servicios. Para m\u00e1s detalles, consulte nuestra Pol\u00edtica de Privacidad.<\/p>\n\n\n\n<p style=\"text-transform:none\"><strong>6. Pagos y Facturaci\u00f3n<\/strong>: Aceptamos los siguientes m\u00e9todos de pago: [tarjetas de cr\u00e9dito,\u00a0 transferencias bancarias]. Los pagos deben realizarse en el momento de la compra cu\u00e1ndo es por \u00fanica vez y luego de forma mensual de acuerdo al plan elegido de forma adelantada. Las facturas se enviar\u00e1n por correo electr\u00f3nico al Cliente.<\/p>\n\n\n\n<p style=\"text-transform:none\"><strong>7. Env\u00edos y Entregas<\/strong>: Ofrecemos env\u00edos a nivel nacional e internacional. Los tiempos de entrega var\u00edan seg\u00fan la ubicaci\u00f3n del Cliente. Los costos de env\u00edo se calcular\u00e1n al finalizar la compra. Cuando el producto es digital, el mismo se considerar\u00e1 entregado a partir de la recepci\u00f3n del correo electr\u00f3nico con los datos de la confirmaci\u00f3n de la compra.<\/p>\n\n\n\n<p style=\"text-transform:none\"><strong>8. Devoluciones y Reembolsos<\/strong>: No ser\u00e1n aceptados devoluciones pasadas las 48hs. Ser\u00e1n realizados reembolsos de hasta el 50% de lo pagado, s\u00f3lo si el producto fue pagado en forma anual.<\/p>\n\n\n\n<p style=\"text-transform:none\"><strong>9. Cancelaciones<\/strong>:\u00a0 Para iniciar una cancelaci\u00f3n, el Cliente debe contactar a nuestro servicio de atenci\u00f3n al cliente antes de superar las 48hs de haber recibido el correo de confirmaci\u00f3n de compra.<\/p>\n\n\n\n<p style=\"text-transform:none\"><strong>10. Responsabilidad<\/strong>: Fashion Home S.A. no se hace responsable de los da\u00f1os indirectos, incidentales o consecuentes que resulten del uso de nuestros servicios.<\/p>\n\n\n\n<p style=\"text-transform:none\"><strong>11. Propiedad Intelectual<\/strong>: Todo el contenido del sitio web, incluyendo textos, gr\u00e1ficos, logotipos e im\u00e1genes, es propiedad de Fashion Home S.A. y est\u00e1 protegido por las leyes de propiedad intelectual. Microsoft es propiedad de Microsoft Corporation.<\/p>\n\n\n\n<p style=\"text-transform:none\"><strong>12. Modificaciones<\/strong>: Fashion Home S.A. se reserva el derecho de modificar estos t\u00e9rminos y condiciones en cualquier momento. Las modificaciones se publicar\u00e1n en esta p\u00e1gina y entrar\u00e1n en vigor inmediatamente.<\/p>\n\n\n\n<p style=\"text-transform:none\"><strong>13. Contacto<\/strong>: Para cualquier consulta o problema, el Cliente puede contactarnos a trav\u00e9s de [admin@fashionhome.com.py, 0981470161, Santa Marta 134 c\/Pasillo Familia Escurra &#8211; JAS].<\/p>\n\n\n\n<p><\/p>\n","protected":false},"excerpt":{"rendered":"<p>1. Introducci\u00f3n: Bienvenido a Fashion Home S.A. Estos t\u00e9rminos y condiciones describen las reglas y regulaciones para el uso de nuestro sitio web y servicios en referencia al Servicios de Almacenamiento para el Grupo Familiar 2. Definiciones: 3. Servicios Ofrecidos: Fashion Home S.A. ofrece al cliente la posibilidad de integrar un Plan Familiar de Suscripci\u00f3n [&hellip;]<\/p>\n","protected":false},"author":1,"featured_media":31,"parent":0,"menu_order":0,"comment_status":"closed","ping_status":"closed","template":"","meta":{"_eb_attr":"","footnotes":""},"class_list":["post-300","page","type-page","status-publish","has-post-thumbnail","hentry"],"_links":{"self":[{"href":"https:\/\/fashionhome.com.py\/index.php\/wp-json\/wp\/v2\/pages\/300","targetHints":{"allow":["GET"]}}],"collection":[{"href":"https:\/\/fashionhome.com.py\/index.php\/wp-json\/wp\/v2\/pages"}],"about":[{"href":"https:\/\/fashionhome.com.py\/index.php\/wp-json\/wp\/v2\/types\/page"}],"author":[{"embeddable":true,"href":"https:\/\/fashionhome.com.py\/index.php\/wp-json\/wp\/v2\/users\/1"}],"replies":[{"embeddable":true,"href":"https:\/\/fashionhome.com.py\/index.php\/wp-json\/wp\/v2\/comments?post=300"}],"version-history":[{"count":4,"href":"https:\/\/fashionhome.com.py\/index.php\/wp-json\/wp\/v2\/pages\/300\/revisions"}],"predecessor-version":[{"id":306,"href":"https:\/\/fashionhome.com.py\/index.php\/wp-json\/wp\/v2\/pages\/300\/revisions\/306"}],"wp:featuredmedia":[{"embeddable":true,"href":"https:\/\/fashionhome.com.py\/index.php\/wp-json\/wp\/v2\/media\/31"}],"wp:attachment":[{"href":"https:\/\/fashionhome.com.py\/index.php\/wp-json\/wp\/v2\/media?parent=300"}],"curies":[{"name":"wp","href":"https:\/\/api.w.org\/{rel}","templated":true}]}}